 -7 = -2*x + 41. Suppose -26*j - x = -30*j. List the prime factors of n(j).
3, 5
Suppose -53*p + 49*p + 26058 = -b, 0 = -4*p - 5*b + 26070. List the prime factors of p.
5, 1303
Suppose 0 = -96*b - 82 + 82. Let l(t) be the second derivative of t**4/12 + t**3 + 54*t**2 + t. What are the prime factors of l(b)?
2, 3
Let p = 6931 - 6895. List the prime factors of p.
2, 3
Suppose 0 = 121*i - 655*i + 20257824. What are the prime factors of i?
2, 2371
Let c(t) = 90*t - 27. Let u be c(6). Suppose p = 492 + u. What are the prime factors of p?
3, 5, 67
List the prime factors of -2 - (-3731 + 18/63*35).
3719
Suppose 3*j + 3*z + 15 = 2*j, -j + 5*z - 23 = 0. List the prime factors of (-2*j/1)/(11/132).
2, 3
Let s(x) = 3*x + 9. Let t(v) = 21*v + 63. Let o(z) = -27*s(z) + 4*t(z). Let k be o(-3). What are the prime factors of 101 + 2 + k - (-5)/(-5)?
2, 3, 17
Let u be 2/(-10) + (-3)/((-240)/91216). Suppose q + 2*i = -3*q + 4630, u = q + 4*i. List the prime factors of q.
2, 5, 29
Let k = 42 - 40. Suppose -f = -2*t + 3 - 0, 2*f = k. Suppose 2*m = -t*m + 180. List the prime factors of m.
3, 5
Suppose 0 = -103*u - 139998 + 1128180. What are the prime factors of u?
2, 3, 13, 41
Suppose 4*n + 260 = 6*n. Suppose -5*x + 312 = -5*k + 8*k, 2*x - 4*k - n = 0. What are the prime factors of x?
3, 7
Suppose -9*h + 17 = -28. What are the prime factors of 32 - ((7 - 6) + h)?
2, 13
List the prime factors of 21/(-6) + -29418*(-30)/72.
2, 11, 557
Let g(y) = -24*y + 13. Let s = 12 - 15. Let a be g(s). Let f = a - 38. List the prime factors of f.
47
Let m = 45342 - 23082. What are the prime factors of m?
2, 3, 5, 7, 53
Suppose 5*t + 36914 = j, 5*t - 12*t = 2*j - 73981. List the prime factors of j.
13, 2843
List the prime factors of 0 + (-231326)/(-22) - 78/(-429).
3, 5, 701
Let s(f) = 2*f - 40. Let i be s(20). Let r(w) = 23*w + i - 5 + 58*w. List the prime factors of r(2).
157
Suppose -b = 13*b - 168. List the prime factors of b/18 - 2803/(-3).
5, 11, 17
Suppose 143*x = 142*x - 9*k + 15541, 4*k - 15511 = -x. What are the prime factors of x?
17, 911
Suppose 0 = 6*y - 2*y, -4*y - 532 = -4*b. Suppose 9*i - 14*i = 385. Let a = b + i. What are the prime factors of a?
2, 7
Suppose 0 = 12*w - 17*w + 15. Let j be w + (-1 + -2 - -3) - 344. Let q = j + 502. List the prime factors of q.
7, 23
Suppose 102*n + 31664 = 2*d + 97*n, 5*d - 79109 = 4*n. List the prime factors of d.
15817
Suppose -5238*z = -5228*z - 24140. What are the prime factors of z?
2, 17, 71
Suppose -3374 + 627 = -5*l - n, -n + 1647 = 3*l. What are the prime factors of l?
2, 5, 11
Let g = -144 + 147. What are the prime factors of (g + -3 - 4 - -8) + 52?
2, 7
Let d be (-104)/(-20) + (-5)/25. Let t(r) = 7*r + 57. List the prime factors of t(d).
2, 23
Suppose -24*f = -6*f - 4230. Let x = 872 - f. List the prime factors of x.
7, 13
Let o = 238 + -117. Let d = o - 48. Let l = 5 + d. What are the prime factors of l?
2, 3, 13
Suppose 6*r = -2679 - 13185. Let m = -1804 - r. List the prime factors of m.
2, 3, 5, 7
What are the prime factors of (20511 + -1)/((-23)/((-184)/(-80)) + 11)?
2, 5, 7, 293
Let o = -5438 + 36389. What are the prime factors of o?
3, 19, 181
List the prime factors of ((-182817)/74 - -30)/(1/(-8)).
2, 3, 1627
Suppose -8 = -3*w - 5*p - 1, -3*w = 4*p - 11. Suppose -3*i - 3*v + 30 = -15, -i = -5*v + w. Suppose -9*r = -i*r + 8. List the prime factors of r.
2
Let h be (68/(-12) + 6)/((-3)/99). What are the prime factors of (7*h)/(22/(-4) - -5)?
2, 7, 11
Suppose -5*y - 3*g = -203034, -4*y - 2*g = -206566 + 44136. What are the prime factors of y?
3, 13537
Suppose -22*o + 81 = 15. Suppose -12 = -o*r, 4*k + 6*r - r - 4472 = 0. List the prime factors of k.
3, 7, 53
Let h(m) = -9*m**3 + 4*m**2 - 3. Let j be h(-2). Let q = j - -290. List the prime factors of q.
3, 5
Suppose 3*o - 104116 = -2*p, 0 = -109*o + 106*o - 5*p + 104104. What are the prime factors of o?
2, 8677
Let u(n) be the second derivative of 0 - 2/3*n**3 + 7/12*n**4 - 13*n - 7/2*n**2. What are the prime factors of u(4)?
89
Let f = 418 + -383. List the prime factors of (-7 - f)/6 + 295.
2, 3
Let u = 1248 + -674. Suppose 2*g = 2052 + u. List the prime factors of g.
13, 101
Let w(k) = -3*k**3 - 5*k**2 + 5. Let q = -10 - -5. Let j be w(q). Suppose -o + 4*d = -j, 2*o - 289 = 5*d + 224. List the prime factors of o.
7, 37
Let z be ((-102)/(-12) - 5)*2. What are the prime factors of -1 - (6 + (-259)/z)?
2, 3, 5
Suppose 29*n = 120 - 4. Suppose -n*x = 5*y - 344, 5*x + 14*y - 443 = 11*y. What are the prime factors of x?
7, 13
Let j(h) = -2*h + 4. Let q be ((-336)/(-70))/(4/10). Suppose k + i + q = 6*i, 5*i = 2*k + 14. List the prime factors of j(k).
2
Let j(i) = -151*i + 16. Let w(f) = 604*f - 64. Let y(l) = 26*j(l) + 6*w(l). List the prime factors of y(-3).
2, 7, 67
Let s = 437 + -717. Let o = -194 - s. List the prime factors of o.
2, 43
Suppose 33*l = 35*l - 10. What are the prime factors of (l + -2)*1 + (-3 - -731)?
17, 43
Suppose -17*g = -23*g + 24. Suppose g*s - 8160 = -6*s. Suppose -s = 2*l - 8*l. What are the prime factors of l?
2, 17
Suppose 7*a - 4*a - 102922 = -f, -34310 = -a - 3*f. List the prime factors of a.
7, 13, 29
Let c = 28852 + -17275. List the prime factors of c.
3, 17, 227
Let n(y) be the second derivative of -9*y**3/2 - 9*y**2/2 + 82*y - 4. Let q be (-8)/(-10)*(-10)/2. List the prime factors of n(q).
3, 11
Suppose 3*o = -2*o - 4*m + 876, 0 = 3*m - 12. List the prime factors of (2 + 3)*o/4.
5, 43
Let h(t) be the second derivative of 13*t**3/6 + 31*t**2/2 + 2*t + 9. List the prime factors of h(-2).
5
Let t(u) = -168*u - 110. Suppose 0 = 6*g - 135 + 165. List the prime factors of t(g).
2, 5, 73
Suppose 9*r = -2*l + 4*r - 19, -37 = -4*l + 5*r. Suppose 11*u - l*u = 2968. What are the prime factors of u?
7, 53
Suppose -9 = -y - 12. Let t be (-3 - y)*(0 - 1). Suppose -5*r = -3*r - m - 174, -4*r + 4*m + 356 = t. What are the prime factors of r?
5, 17
Let k(d) = 9*d - 240. Suppose -478 = 14*v - 16. Let w(g) = g - 30. Let m(h) = v*w(h) + 4*k(h). What are the prime factors of m(-7)?
3
Let o(c) be the second derivative of -c**4/12 + 5*c**3/2 - 21*c**2/2 - c. Let n = 21 - 16. List the prime factors of o(n).
29
Let a = -244 - -659. Let p = a - 163. What are the prime factors of p?
2, 3, 7
Suppose m = 5*n + 979, -n = -5*n - 5*m - 789. Let u = n + 376. Let i = 256 - u. What are the prime factors of i?
2, 19
Suppose 2*q - 701 + 33 = 0. Suppose 64*n = 57*n + 854. Suppose n = 4*w - q. List the prime factors of w.
2, 3, 19
Suppose 617*s - 909*s = -9131716. List the prime factors of s.
11, 2843
Let a = 1057 + -438. Let u be (-27 + 3)*(-3)/2. Suppose -4*l + u - 669 = -5*d, a = 5*d + 3*l. What are the prime factors of d?
5
Suppose -3834622 = -217*r + 4261320 + 177617. What are the prime factors of r?
3, 71, 179
What are the prime factors of (23030/(-105) + 32)*(-282)/4?
47, 281
Suppose 0 = 116*j - 111*j. List the prime factors of (-2 + j)*(-371 - (5 - 4)).
2, 3, 31
Suppose -92*r + 576223 = -641581. List the prime factors of r.
7, 31, 61
Let r = 9 + -7. Suppose 4*p - 41 = 2*b - 3*b, 0 = r*p - 3*b - 31. Let j = p - -34. List the prime factors of j.
3, 5
Let o(q) = -q**3 - q**2 + 8*q - 5. Let a be o(-4). Suppose 6*m = a*m + 470. Let l = m + 137. What are the prime factors of l?
43
Suppose -8 + 8 = -4*z. Suppose -41*j + 39*j + 1118 = z. List the prime factors of j.
13, 43
Let z be (-12)/(-8) - 741/(-2). What are the prime factors of -10*((-1)/(-3) + z/(-36))?
2, 5
Suppose 2*w - 26 = 2*h, 2*w = 7*w + h - 47. Suppose -4*d + w*d - 3156 = 0. What are the prime factors of d?
2, 263
Suppose 0 = 3*t + 5*x - 980 - 292, -4*t + 3*x + 1667 = 0. Let j(v) = -590*v + 3781. Let q be j(5). Suppose -t = -5*o + q. List the prime factors of o.
2, 5
Let s(y) = -y**3 - 3*y**2 + 7. Let o be s(-3). Suppose 6175 = 6*d + o*d. What are the prime factors of d?
5, 19
Suppose 63 = q + 6*q. Suppose -q*a + 6*a + 1014 = 0. What are the prime factors of a?
2, 13
Suppose -4*l - 4*j = -23608, 695*l - 23629 = 691*l + 3*j. What are the prime factors of l?
5, 1181
Let v = -46 + 117. Let j = v + -70. Let q = j - -35. What are the prime factors of q?
2, 3
Suppose 8*i + 12*i = 19*i. Suppose 4*j - 7 - 1 = i. Suppose 0 = 4*x - j*r - r - 587, 0 = 5*r - 15. What are the prime factors of x?
149
Suppose -1246 = -2*l - 